at is the tens digit of q(b)?
9
Let m be (4/(-2) + 4)/1. Suppose 3*r + 3*i - 171 = 0, 3*r + m*i - 6*i - 199 = 0. What is the tens digit of r?
6
Suppose 8*x = 2*x - 30. What is the units digit of 146*(x/(-15) + 0)*6?
2
Suppose -5*f + 3*t + 14717 = 0, 73*t - 71*t = 2. What is the hundreds digit of f?
9
Let q(k) = -5*k**3 + 7*k**2 - 5*k - 9. What is the hundreds digit of q(-7)?
0
Let b = 44 + -42. Suppose -109 = -5*r + g, -b*g + 47 = 2*r + g. What is the units digit of r?
2
Suppose 8*b = 15*b - 126. What is the tens digit of (-548)/(-28) + b/42?
2
Suppose -5*z + 17 = 4*s, z - s = 6*z - 8. Let i be z*(8 + -4) - -1. Suppose c - 150 = -i*c. What is the tens digit of c?
2
Let w = -25 + 28. Suppose -4*t + 280 = w*t. What is the units digit of t?
0
Suppose s = -3*h + 49 - 0, -3*s + 83 = 5*h. Let j = h - 14. Suppose -j*v - 10 = -y, -4*v + 76 = 3*y + 16. What is the units digit of y?
6
Let a = 1217 - 634. What is the tens digit of a?
8
Suppose 332 = 15*h - 11*h. Let z = h + -31. What is the units digit of z?
2
What is the units digit of (3 - (-14)/(-6)) + (-1261)/(-3)?
1
Suppose 2*x + y - 5 = 0, 4*x - 5*x = 5*y - 25. Suppose 0*f + 5*f - 10 = x, -4*f = -3*n + 55. Suppose c = n - 5. What is the units digit of c?
6
Let p(j) = -j**3 + 7*j**2 - 14*j + 6. Let w(c) = -c**3 + 8*c**2 - 14*c + 6. Let n(k) = -3*p(k) + 4*w(k). Let h be n(9). What is the units digit of h/5 + 2/(-5)?
8
Suppose 0 = s - 2984 - 3250. What is the hundreds digit of s?
2
Let p be (15/(-12) - 1)*80/(-3). Let x = p + 46. What is the units digit of x?
6
Let d(x) = -690*x - 34. What is the hundreds digit of d(-1)?
6
Let j(d) = -14*d - 1. Let g be j(-3). Suppose 5*y - 98 = -4*h, 2*y + h = -0*h + g. What is the tens digit of y?
2
Let z = 1207 + -824. Suppose -4*s + z = 5*g, s = -2*s + 2*g + 293. What is the tens digit of s?
9
Suppose -o - 9 = 96. Let j = 178 + o. What is the units digit of j?
3
Let d = -491 + 1134. What is the hundreds digit of d?
6
Let p = -99 + 111. Suppose 3*d + 1845 = p*d. What is the hundreds digit of d?
2
Suppose 3*y - 7045 = -4*h, -2*h - 9014 = -5*y + 2745. What is the units digit of y?
1
Suppose -3*y - 577 = q, 3*y - 4*q - 174 = -776. Suppose 0 = 2*m + m + 372. Let j = m - y. What is the tens digit of j?
7
Let v be 12/30 - (-33)/5. Suppose p + v = 12. Suppose -p*y = -27 - 8. What is the units digit of y?
7
Let k(m) = m**3 + 7*m**2 + 8*m + 10. Let v be k(-6). Let r(d) = -55*d. What is the units digit of r(v)?
0
Let d(y) = y**2 - 4*y + 6. Let w be 1/3 + (-154)/(-33). Let h be d(w). Suppose 0 = -h*p + 15*p - 200. What is the units digit of p?
0
Let n(o) = -o**2 - 3*o - 2. Let k be n(-1). What is the units digit of 39 - (6 - (4 + k))?
7
Let s(t) = t**3 + 5*t**2 + 4*t + 13. Suppose 4*i - 20 = -36. What is the tens digit of s(i)?
1
Let d(f) = 68*f**2 - 5*f - 9. What is the tens digit of d(2)?
5
Let u(f) = 260*f + 83. What is the units digit of u(8)?
3
Let g(x) = -x**3 + 5. Let c be g(0). Suppose -c*a + 3*w + 260 = 0, -52 = -0*a - a + 5*w. What is the units digit of a?
2
Let f = -157 - -1526. What is the units digit of f?
9
Suppose -2*b + 5*b - 6 = 0. What is the tens digit of b + 4/(-1 - (-21)/20)?
8
Let u(i) = -5*i + 103. What is the tens digit of u(9)?
5
Let l be (-20)/8 - 7/14*-1. Let w = 2 + 0. What is the tens digit of (-3 - -19) + w + l?
1
Let k(u) = -3*u**2 + 4*u + 5 + 5*u**3 - 4*u**3 + 2 - 3*u**2. Let x be k(5). Suppose x*q - 45 = -q. What is the tens digit of q?
1
Let k(z) = 5*z**2 + 25*z - 206. What is the units digit of k(7)?
4
Let w(b) = 218*b**3 - 6*b**2 + 5*b. Let x be w(1). Suppose o + 1 = -0*o - 2*p, -2*o = 5*p + 4. Suppose o*g - x + 91 = 0. What is the tens digit of g?
4
Let j = 297 - 74. Suppose -3*n + 5*l = -j, 2*l - 4*l = 4. What is the tens digit of n?
7
Suppose 0 = -3*r + 6, -r = -3*l + 153 + 169. What is the tens digit of l?
0
Suppose 0 = 14*u - 17*u. Suppose -m + 2 - 1 = u, -4*m = r - 88. What is the tens digit of r?
8
Suppose 0*x - x + 20 = 0. Suppose 8*r = 3*r + x. Suppose -115 = -r*l + b, 2*l - 47 = -0*b - 3*b. What is the units digit of l?
8
Suppose 48*d + 4 = 49*d. What is the tens digit of d/4 + (1 - -35*2)?
7
Suppose 89 = 2*f - 0*f + 3*q, 0 = 5*q - 15. What is the units digit of (30/24)/(2/f)?
5
Suppose -x - 4*v = -4*x + 2909, 2*x + 5*v = 1947. What is the tens digit of x?
7
Let w(s) = s - 9. Let t(r) = r**2 - 8*r - 6. Let c be t(10). Let d be w(c). Suppose -d*i + 89 = 2*m, 3*m + 103 = i + 279. What is the tens digit of m?
5
Suppose 2*m + 3*m - 27 = -o, m - 11 = -3*o. Suppose -o*p = -0 - 8. Suppose -6*w + 60 = -w + 2*c, -4*w + p*c = -48. What is the units digit of w?
2
Let n = 5025 - 3333. What is the hundreds digit of n?
6
Let u be (-3 - -4)/(1/13). Let b = -6 + u. Suppose 19 = 4*x + b. What is the units digit of x?
3
Let j = 2422 - 1081. What is the tens digit of j?
4
Let f be 282/22 - 4/(-22). Suppose -f*u = -10*u - 318. Suppose -8*d = -198 - u. What is the units digit of d?
8
Let i(o) = 2*o**2 - 40*o - 96. What is the hundreds digit of i(29)?
4
Let d(u) = u**3 + 2*u**2 + u + 18. Let c = -26 - -26. What is the tens digit of d(c)?
1
Let t be 5*(8/(-5) - 0). Let b = -8 - t. Suppose -18 = -2*k + 4*j, 0*k + 4*k - 2*j - 48 = b. What is the units digit of k?
3
Suppose 4*t + 3*t - 42 = 0. Suppose s + 57 = 4*q, -36 = -q - 5*s - t. What is the tens digit of q?
1
Suppose 0 = -h + 30 - 3. Suppose -5*x + h = -d, 0*x - 25 = -3*x + 5*d. What is the units digit of x?
5
Suppose -207*s + 31882 = -169*s. What is the tens digit of s?
3
Let b(d) = d**3 - 1 + 6*d**2 + 10*d - 2 + 5*d + 4*d**2. Suppose 16 = -11*y + 9*y. What is the units digit of b(y)?
5
Let v(w) = w**3 + 12 + 9*w**2 - 2 - 12*w - 4. What is the hundreds digit of v(-9)?
1
Let q = 23 + 980. What is the thousands digit of q?
1
Suppose -2*f + 3 = -3*m - 79, -3*f + 3*m = -120. Let t be f/(-95)*(-10)/4. Let q = 24 - t. What is the units digit of q?
3
Let p = 2554 - 583. What is the tens digit of p?
7
Let v(i) = -12*i + 678. What is the units digit of v(0)?
8
What is the units digit of (9/(-6))/(10 - (-228833)/(-22880))?
0
Let x(o) = 22*o - 47. What is the tens digit of x(11)?
9
Let n be -7*(16/(-104) - (-522)/13). Let w(b) = b**3 - 3*b**2 + 2*b. Let a be w(3). What is the tens digit of (-2)/a - n/12?
2
Let p(v) = -v**2 - 6*v + 454. Let f be p(0). What is the hundreds digit of 4/(-1 - 1)*f/(-4)?
2
Let a(o) = o**3 + o. Let f be 1*(-1 - (-6)/3). Let x be a(f). Suppose 4*z - 4 = 4*r, -4*z = r + x*r - 4. What is the units digit of z?
1
Let t = 8 - 11. What is the tens digit of ((-8)/(-12))/(t/(-135))?
3
Suppose k + 4*k + 2*h - 12 = 0, 0 = 4*h + 16. Suppose -t + k = 0, 0*o + 5*t - 410 = -5*o. What is the units digit of o?
8
Suppose 0 = 3*v - 74 - 31. Let l = 3 - v. Let b = 50 + l. What is the units digit of b?
8
Let j be 1*-2 - (-4)/1. Suppose -2*f - 7 = -3*a + 1, a = j*f. Suppose -f*n + 7*n - 135 = 0. What is the tens digit of n?
2
Suppose 0 = 3*v - 3*g, 7*g - 4*g = -2*v + 15. Let s(m) = 13*m + 5. Let y(r) = -12*r - 4. Let t(o) = -2*s(o) - 3*y(o). What is the tens digit of t(v)?
3
Let u(o) = -o**3 - 10*o**2 + 145*o + 12. What is the units digit of u(-20)?
2
Let c(m) = 52*m**2 + 22 - 23 + m**2. What is the units digit of c(1)?
2
Suppose 16*x - 9783 - 5753 = 0. What is the hundreds digit of x?
9
Suppose 5*f = -8*f + 195. Let m be (-560)/(-7) + (-1)/(-1). Suppose -2*i - 3*v = -m - f, 0 = 2*i + v - 88. What is the units digit of i?
2
What is the units digit of 118776/408 + (-2)/17?
1
Let i(j) = 46*j - 8. Let d(f) = f + 20. Let u be d(-18). What is the tens digit of i(u)?
8
Let z = -178 - -855. What is the tens digit of z?
7
Let g(i) = 65*i**2 + 2*i + 14. What is the tens digit of g(-4)?
4
Let s = -24 - -28. Suppose -d = k - 5, k - 8 = -0*k - s*d. What is the units digit of (-2)/k - (-315)/10?
1
Let v = -41 + 40. What is the tens digit of ((-131*3)/v)/3?
3
Let q(t) = -165*t - 123. What is the units digit of q(-4)?
7
Let g be 44 - (-3 + (-20)/(-4)). Suppose 2*d + g + 45 = l, -d - 462 = -5*l. What is the tens digit of l?
9
Let f(o) = -176*o**3 - 4*o**2 + o + 9. What is the units digit of f(-2)?
9
Suppose 4*j = -s + 731, -s + 492 + 242 = j. What is the tens digit of s?
3
Let v be -12*1*3/(-6). What is the units digit of (-108 + 0)/(v/(-4))?
2
Suppose 36 = c - 5*c. Let x be c/27*(-132)/2. Let p = 34 - x. What is th